p = -5*z + 690. What are the prime factors of z?
2, 3, 23
Let p = -368 - 7. Let h = p + 1457. List the prime factors of h.
2, 541
Let m(s) = -s**3 - 37*s**2 - 84*s + 135. What are the prime factors of m(-36)?
3, 23
Let q(k) be the third derivative of k**6/120 + k**5/15 - k**4/3 - 5*k**3/6 - 980*k**2. Let n be -1 - 1*-1 - 5. List the prime factors of q(n).
2, 5
Let p(i) = 6*i**2 + 0*i - 5*i**2 + 4 + 14 + i. Let c be p(22). Suppose -6 - 3 = -3*v, 4*b - c = -4*v. List the prime factors of b.
2
Let k(t) = -4*t - 63. Let w be k(-16). Let g = -14 - -21. What are the prime factors of g/w*(7 + -2)?
5, 7
Let a(w) = 4*w - 8. Let r be a(4). Suppose r*k - 10*k + 4 = 0. Suppose -4*g - 4 = -3*g, 4*p - 320 = k*g. What are the prime factors of p?
2, 3, 13
Let b = 25997 + -14791. List the prime factors of b.
2, 13, 431
Suppose 3*o = 4*o - 2. Suppose 33 = -o*r + 5*r. What are the prime factors of r?
11
Let g(t) be the second derivative of -3*t**5/5 + 5*t**4/6 + 2*t**3 + 9*t**2 - 20*t. Let v be g(-6). List the prime factors of (-10)/(-8) + v/24.
2, 61
Suppose -120*p + 1112179 = -513341. List the prime factors of p.
2, 13, 521
Let d(h) = h**3 - 26*h**2 - 59*h - 228. List the prime factors of d(38).
2, 17, 19, 23
Suppose -106*a - 1079808 = -234*a. What are the prime factors of a?
2, 3, 19, 37
Let p = -47 - -5. Let i be (-18)/(-4)*476/p. List the prime factors of -2 + i/((-1)/1).
7
Suppose -332 = 9*f - 359. Suppose -20*n = -f*n - 16150. List the prime factors of n.
2, 5, 19
Let o(a) = 659*a + 739. List the prime factors of o(19).
2, 3, 5, 13, 17
Let g(x) = 10*x**2 + 3*x - 1. Let p be g(3). Suppose -p*o = -97*o - 1215. What are the prime factors of o?
3, 5
Let v = -55 - -52. Let s(d) = 2*d**2 + 8*d + 8. Let a be s(v). Suppose a*t = n - 196, -618 = -3*n + t - 30. List the prime factors of n.
2, 7
Let c(u) = -4*u**3 - 9*u**2 + 14. Let k be c(-5). Let s = k - -92. What are the prime factors of s?
3, 127
Suppose 0 = -y + 21 - 51. Let a be (324/y)/(3/(-15)). Let q = a - -29. What are the prime factors of q?
83
Let n be (-2 + -6)*3/4. Let f(o) = o**3 - 11*o**2 + 20*o - 1. Let r(a) = 4*a**2 - 2*a. Let s(i) = f(i) + 6*r(i). List the prime factors of s(n).
7, 29
Let h(t) = -74*t - 1810. What are the prime factors of h(-37)?
2, 29
Suppose -3*w = -2 - 4. Suppose w*y + 8 - 12 = 0. Suppose -y*s + 80 = -s - v, -4*s = -2*v - 328. List the prime factors of s.
2, 3, 7
Suppose 13693 - 98855 = -19*p + 8337. What are the prime factors of p?
7, 19, 37
Let x = -934 - -1354. Let j = 608 - x. Suppose 3*t + 65 - j = -5*o, 3*t + 2*o = 114. List the prime factors of t.
2, 3
Let j(d) = -2*d**3 + d**2 + 654. Let v be j(0). Suppose 0 = 6*i - 3828 + v. What are the prime factors of i?
23
Suppose -2*a = -k + 192, 3*k - 5*a - 347 = 233. Let g = k + -163. What are the prime factors of g?
37
Suppose 4*h = -4, 0 = -28*k + 26*k + 4*h + 14. Suppose 0 = 37*x - 33*x + 5*f - 1129, k*x - 1401 = 4*f. List the prime factors of x.
281
Suppose -83*x = -842798 - 408759. List the prime factors of x.
17, 887
Let s = -7 - -19. What are the prime factors of (-4)/(s/371)*-3?
7, 53
Suppose -318*t + 18783649 = 78*t + 2435581. List the prime factors of t.
3, 11, 139
Let f = 62 + -46. Let l be (-1)/(f/180)*(-4 - 0). Let s = 33 + l. List the prime factors of s.
2, 3, 13
Suppose 0 = -565*r + 563*r - 5*j + 59137, 0 = -3*r + 4*j + 88763. What are the prime factors of r?
29581
Let g be -8*37*(-1)/2. Let x(o) = -10*o**3 - 3*o**2 - 7*o - 5. Let k be x(-2). Let m = g - k. List the prime factors of m.
71
Let p be ((-3)/(-2))/((-12)/(-72)). What are the prime factors of (-246)/p*-1*3/2?
41
Suppose -5*p = -0*p + 190. Suppose -2*l + 5*r + 265 = 0, 2*r + 24 = -2*l + 254. Let w = l - p. List the prime factors of w.
2, 79
Let z(p) = -p + 40. Let o be z(-9). Suppose o*g = 20*g + 15544. What are the prime factors of g?
2, 67
List the prime factors of (-48238)/(4/34 - ((-144)/(-68) + 0)).
89, 271
Let a be (-2992)/(-60)*-3 + (-18)/(-30). Let x = 144 - a. List the prime factors of x.
293
What are the prime factors of (-1891545)/(-90) + (-70)/(-84)?
2, 3, 31, 113
Let v(r) = 2*r - 238. Let b be v(0). Let q = b - -425. List the prime factors of q.
11, 17
Let a(w) = 249*w**2 + 9*w - 2. Let c(z) = 252*z**2 + 8*z - 2. Let q(p) = 6*a(p) - 5*c(p). What are the prime factors of q(2)?
2, 13, 37
Suppose 5*u = 4*p + 1208, 17*u = 18*u + 5*p - 259. Let x = 605 + u. List the prime factors of x.
3, 283
What are the prime factors of (-1)/(-2)*12163 - (-41)/(-82)?
3, 2027
Suppose 2*r = -2*u + 1514, -4*r - 2*u + 3038 = -0*r. Suppose o = r - 174. What are the prime factors of o?
2, 3, 7
Let y be (-8)/(-12) + (10/(-6) - 3). Let z(k) = -16*k. Let b(a) = -8*a. Let p(d) = y*z(d) + 9*b(d). What are the prime factors of p(-8)?
2
Let z(f) = 2174*f**3 - 2*f**2 - 6*f + 3. What are the prime factors of z(2)?
5, 139
What are the prime factors of ((-178635)/(-10)*-2)/(-3)?
11909
Let u be (-2)/((-2)/2)*2/4. What are the prime factors of 44/(-110) - (u + 4394/(-10))?
2, 3, 73
Let k = 5 + 4. Suppose 4*m - 4*w - 3056 = 0, -k*m + 3*w - 3077 = -13*m. What are the prime factors of m?
13, 59
Let x(g) = -3*g**2 - 5*g - 2. Let a be x(-1). Suppose -6*o - 9*o + 2895 = a. What are the prime factors of o?
193
Suppose -2*b + 76 = 4*z, 113 = 5*z - 8*b + 6*b. Suppose 0 = z*i - 18*i - 9. Suppose 66 = i*d - 549. List the prime factors of d.
5, 41
Let c be (-3 - -10) + -279 - -7. Let p = c - -729. What are the prime factors of p?
2, 29
What are the prime factors of 5 - (-13625)/50*(-104)/(-10)?
17, 167
Let x(o) be the third derivative of -o**6/120 + o**5/3 - 11*o**4/24 + 4*o**3/3 - 28*o**2 + 2. What are the prime factors of x(18)?
2, 229
Suppose i - 2*i - 3*m = -3, 0 = -m. Suppose -l - 5*v + 189 = 0, -2*l = i*v - 0*v - 385. List the prime factors of l.
2, 97
Let y be 78/15 + 2/(-10). Suppose -y*m - 450 = m. Let z = -23 - m. List the prime factors of z.
2, 13
Let l(y) = 6*y - 26. Let x be l(12). Let p = 51 - x. Let m = 67 - p. List the prime factors of m.
2, 31
Let f(s) be the third derivative of s**4/2 + 50*s**3/3 + 117*s**2. List the prime factors of f(6).
2, 43
Let f = -50861 + 74307. What are the prime factors of f?
2, 19, 617
What are the prime factors of 10 - (-12 - (-15 + 8818))?
5, 353
Suppose -8*v = 3871 - 287055. What are the prime factors of v?
2, 11, 1609
Let h(k) = 80*k**2 + 834*k + 1667. What are the prime factors of h(-2)?
11, 29
Let c(z) = -1553*z - 830. List the prime factors of c(-16).
2, 3, 4003
Let n(h) = -13*h**2 - 4*h + 5. Let i(q) = -20*q**2 - 6*q + 8. Let u(p) = -5*i(p) + 8*n(p). Let x be u(-2). List the prime factors of (-10)/3*(3 + x).
2, 3, 5
Let p(o) be the first derivative of 20*o**3/3 + 11*o + 35. Let w be p(4). Let q = w + -141. What are the prime factors of q?
2, 5, 19
Suppose -12*y + 8*y - 300 = 0. Let m = y - -130. Let g = m + -27. List the prime factors of g.
2, 7
Suppose k = 4*d - 5 - 6, 0 = -d - 5*k + 29. Suppose -8 - 80 = -d*v. List the prime factors of 4/(-22) - (-642)/v.
29
Suppose 4*y - 31020 = 3*r, -2*y + 3*y - 7748 = -r. List the prime factors of y.
2, 3, 17, 19
Suppose -3*q + 12145 = -103*t + 108*t, 4832 = 2*t - 4*q. What are the prime factors of t?
2, 1213
Let q(p) = -24104*p**3 - 3*p**2 - p + 2. Let m be q(-1). Suppose m = 15*r + 7394. List the prime factors of r.
2, 557
List the prime factors of (6118/(-4))/(((-60)/48)/((-35)/(-14))).
7, 19, 23
Suppose 50 = -3*v + 83. Let l(z) = -v*z + 17*z - 5*z + 24. List the prime factors of l(-10).
2, 7
Let g(a) be the second derivative of -a**5/2 - a**4 - 2*a**3/3 + a**2 + 4*a - 9. What are the prime factors of g(-5)?
2, 3
Let o(f) = 3*f**2 - 120. Suppose -5*k + 2*a = -51, 0 = k - a - 4*a - 24. What are the prime factors of o(k)?
3, 41
Let p(d) = d**2 - 49*d + 178. Let s be p(45). Let j(l) = 14*l**3 + l**2 - 2*l + 1. Let b be j(1). What are the prime factors of -14*((-88)/b - s)?
2, 3, 5
Let b(v) = 5*v**3 - 2*v + 1. Let l(t) = t**2 + 3*t - 4. Let k be l(-4). Let q = 2 - k. List the prime factors of b(q).
37
Let f(d) = -739*d**2 + 3*d + 4. Let y be f(-1). Let r = 228 - y. List the prime factors of r.
2, 3, 7, 23
Let a(v) = 315*v + 3649. What are the prime factors of a(78)?
28219
Suppose 3*l + 54*u = 57*u + 6, -4*u + 27 = 3*l. Suppose 3*a = 2*w - 736, l*a - 239 = -4*w + 1211. What are the prime factors of